 2853?
3
What is the units digit of 55699?
9
What is the units digit of 387?
7
What is the hundreds digit of 27738?
7
What is the thousands digit of 56871?
6
What is the ten thousands digit of 70475?
7
What is the thousands digit of 4106?
4
What is the units digit of 14358?
8
What is the thousands digit of 23300?
3
What is the hundreds digit of 393?
3
What is the tens digit of 19574?
7
What is the thousands digit of 4412?
4
What is the tens digit of 117619?
1
What is the hundreds digit of 15475?
4
What is the thousands digit of 7968?
7
What is the hundreds digit of 824?
8
What is the units digit of 1123?
3
What is the tens digit of 42335?
3
What is the units digit of 13958?
8
What is the tens digit of 6817?
1
What is the tens digit of 5836?
3
What is the units digit of 11098?
8
What is the units digit of 27632?
2
What is the thousands digit of 5423?
5
What is the units digit of 379?
9
What is the hundreds digit of 71440?
4
What is the thousands digit of 20627?
0
What is the units digit of 1517?
7
What is the tens digit of 3294?
9
What is the thousands digit of 2717?
2
What is the hundreds digit of 341?
3
What is the ten thousands digit of 18042?
1
What is the thousands digit of 19637?
9
What is the thousands digit of 2649?
2
What is the tens digit of 14240?
4
What is the hundreds digit of 4334?
3
What is the units digit of 2043?
3
What is the tens digit of 3475?
7
What is the ten thousands digit of 41382?
4
What is the hundreds digit of 4986?
9
What is the hundreds digit of 1754?
7
What is the hundreds digit of 3596?
5
What is the hundreds digit of 18069?
0
What is the tens digit of 8092?
9
What is the thousands digit of 4132?
4
What is the thousands digit of 2787?
2
What is the ten thousands digit of 29407?
2
What is the hundreds digit of 31192?
1
What is the ten thousands digit of 96675?
9
What is the ten thousands digit of 21403?
2
What is the ten thousands digit of 58820?
5
What is the units digit of 485?
5
What is the units digit of 1784?
4
What is the tens digit of 2201?
0
What is the thousands digit of 18478?
8
What is the ten thousands digit of 33395?
3
What is the tens digit of 830?
3
What is the ten thousands digit of 30247?
3
What is the thousands digit of 72277?
2
What is the units digit of 40846?
6
What is the hundreds digit of 24256?
2
What is the thousands digit of 24849?
4
What is the hundreds digit of 253?
2
What is the units digit of 7446?
6
What is the ten thousands digit of 11962?
1
What is the hundreds digit of 2569?
5
What is the thousands digit of 20917?
0
What is the hundreds digit of 52436?
4
What is the thousands digit of 61583?
1
What is the thousands digit of 2996?
2
What is the units digit of 350?
0
What is the hundreds digit of 23218?
2
What is the ten thousands digit of 34618?
3
What is the hundreds digit of 18749?
7
What is the tens digit of 1117?
1
What is the hundreds digit of 17185?
1
What is the tens digit of 4502?
0
What is the hundreds digit of 434?
4
What is the units digit of 2244?
4
What is the ten thousands digit of 32838?
3
What is the units digit of 1404?
4
What is the units digit of 5575?
5
What is the units digit of 27112?
2
What is the thousands digit of 8997?
8
What is the thousands digit of 1387?
1
What is the tens digit of 6355?
5
What is the tens digit of 716?
1
What is the units digit of 866?
6
What is the ten thousands digit of 10236?
1
What is the ten thousands digit of 86738?
8
What is the ten thousands digit of 18662?
1
What is the tens digit of 442?
4
What is the tens digit of 3149?
4
What is the hundreds digit of 740?
7
What is the units digit of 18538?
8
What is the thousands digit of 5306?
5
What is the ten thousands digit of 25366?
2
What is the tens digit of 2032?
3
What is the units digit of 35876?
6
What is the thousands digit of 11753?
1
What is the thousands digit of 19563?
9
What is the tens digit of 1974?
7
What is the thousands digit of 22405?
2
What is the thousands digit of 73114?
3
What is the units digit of 1694?
4
What is the tens digit of 1389?
8
What is the tens digit of 2676?
7
What is the tens digit of 290?
9
What is the tens digit of 18989?
8
What is the hundred thousands digit of 122618?
1
What is the hundreds digit of 17388?
3
What is the tens digit of 1462?
6
What is the units digit of 32961?
1
What is the ten thousands digit of 35963?
3
What is the tens digit of 127051?
5
What is the hundreds digit of 442?
4
What is the tens digit of 34550?
5
What is the tens digit of 12292?
9
What is the tens digit of 2607?
0
What is the thousands digit of 2622?
2
What is the ten thousands digit of 84290?
8
What is the hundreds digit of 7047?
0
What is the hundreds digit of 2914?
9
What is the tens digit of 31455?
5
What is the thousands digit of 4410?
4
What is the hundreds digit of 119?
1
What is the tens digit of 55569?
6
What is the tens digit of 1993?
9
What is the units digit of 23479?
9
What is the hundreds digit of 987?
9
What is the ten thousands digit of 39976?
3
What is the hundreds digit of 426?
4
What is the tens digit of 905?
0
What is the units digit of 770?
0
What is the tens digit of 17427?
2
What is the thousands digit of 20383?
0
What is the units digit of 35452?
2
What is the hundreds digit of 18020?
0
What is the units digit of 1313?
3
What is the hundreds digit of 1369?
3
What is the ten thousands digit of 89093?
8
What is the tens digit of 2378?
7
What is the hundred thousands digit of 102154?
1
What is the ten thousands digit of 147707?
4
What is the units digit of 65987?
7
What is the hundreds digit of 3143?
1
What is the tens digit of 6548?
4
What is the ten thousands digit of 64361?
6
What is the tens digit of 7238?
3
What is the hundreds digit of 13241?
2
What is the hundreds digit of 5057?
0
What is the hundreds digit of 54174?
1
What is the ten thousands digit of 122453?
2
What is the thousands digit of 2946?
2
What is the units digit of 75738?
8
What is the hundreds digit of 5925?
9
What is the units digit of 247?
7
What is the units digit of 5565?
5
What is the thousands digit of 9020?
9
What is the ten thousands digit of 52336?
5
What is the tens digit of 17733?
3
What is the units digit of 891?
1
What is the hundreds digit of 968?
9
What is the hundreds digit of 92246?
2
What is the tens digit of 368?
6
What is the thousands digit of 1010?
1
What is the tens digit of 218?
1
What is the ten thousands digit of 14303?
1
What is the hundreds digit of 11404?
4
What is the units digit of 3917?
7
What is the units digit of 6116?
6
What is the units digit of 4278?
8
What is the hundreds digit of 10962?
9
What is the hundreds digit of 1250?
2
What is the thousands digit of 63949?
3
What is the tens digit of 36826?
2
What is the tens digit of 6189?
8
What is the units digit of 9715?
5
What is the units digit of 593?
3
What is the ten thousands digit of 44619?
4
What is the tens digit of 186?
8
What is the units digit of 356?
6
What is the tens digit of 4249?
4
What is the ten thousands digit of 70630?
7
What is the units digit of 19940?
0
What is the thousands digit of 1591?
1
What is the hundreds digit of 23060?
0
What is the tens digit of 1011?
1
What is the units digit of 4195?
5
What is the thousands digit of 24052?
4
What is the tens digit of 2603?
0
What is the thousands digit of 4043?
4
What is the tens digit of 173?
7
What is the hundreds digit of 1715?
7
What is the ten thousands digit of 21358?
2
What is the tens digit of 1841?
4
What is the tens digit of 2313?
1
What is the units digit of 2385?
5
What is the hundreds digit of 24855?
8
What is the units digit of 1039?
9
What is the tens digit of 11689?
8
What is the thousands digit of 6618?
6
What is the hundred thousands digit of 137970?
1
What is the hundreds digit of 4098?
0
What is the tens digit of 11158?
5
What is the tens digit of 19296?
9
What is the tens digit of 1330?
3
What is the tens digit of 29229?
2
What is the units digit of 6428?
8
What is the tens digit of 5583?
8
What is the tens digit of 1228?
2
What is the hundreds digit of 362?
3
What is the thousands digit of 8663?
8
What is the hundreds digit of 1766?
7
What is the tens digit of 11993?
9
What is the thousands digit of 1664?
1
What is the hundreds digit of 21995?
9
What is the units digit of 35?
5
What is the tens di